6 = 757*v - 859*v. What is the highest common factor of 51 and v?
17
Let a(q) = -2*q**3 + 58*q**2 + 27*q. Let h be a(29). Calculate the highest common factor of 81 and h.
27
Let d(q) = q**3 - 28*q**2 + 9*q - 233. Let m be d(28). Suppose 2*j = -293 + 1167. Calculate the highest common divisor of m and j.
19
Let r = 78 - -125. Suppose 2*z - 126 = -2*w, -4*w = 2*z + 77 - r. Calculate the greatest common divisor of z and 27.
9
Let h = 10138 - 5320. Calculate the highest common divisor of h and 6.
6
Suppose -72*t = -28990 - 28106. What is the greatest common factor of t and 244?
61
Let k be 18/3*16/(-32). Let v be (160/24 - 4)/((-2)/k). What is the highest common factor of v and 3?
1
Let i be -18 + 24 - 3/1*1. Suppose 3*u - 49 = -t, 0 = u - 2*u + i*t + 13. What is the highest common factor of 72 and u?
8
Let t be (-110)/165 - (-146)/(-9)*-3. What is the highest common divisor of t and 752?
16
Let d(f) = -4*f**3 + 3*f**2 + 2*f. Let w be 89/5 + (-2)/(-10). Suppose -w = 21*l - 12*l. Let n be d(l). Calculate the highest common factor of 16 and n.
8
Let x be 1908/24 + 6/12. What is the greatest common divisor of x and 248?
8
Let i(h) = -62*h**2 - 53 + 41*h**2 + 20*h**2 - 19*h. Let m be i(-14). What is the greatest common factor of m and 119?
17
Suppose -5*d = -2*x + 195 - 760, -2*d + 2*x + 220 = 0. What is the highest common factor of d and 184?
23
Let y(f) = -f**3 + 22*f**2 + 14*f - 18. Let b be y(20). Suppose 0 = -b*u + 1068*u - 4200. What is the greatest common divisor of u and 28?
28
Suppose 78 = h - t, -h + 5*t + 70 = -0*t. Let z(v) = -1991*v + 47880. Let r be z(24). What is the greatest common divisor of r and h?
16
Suppose -2*c - 5*t = -22 - 3, c - 11 = -2*t. Suppose -65 = -l - 5*v, -24*v + 21*v = l - 53. What is the greatest common factor of c and l?
5
Suppose -85*s + 72*s - 5018 = 0. Let w = s - -763. Calculate the greatest common divisor of 13 and w.
13
Suppose 32503 = 5*y + 4363. What is the highest common divisor of y and 28?
28
Let n(f) = f**3 + 36*f**2 - 274*f - 148. Let u be n(-42). Calculate the highest common factor of 2 and u.
2
Suppose -2*d + 2*i + 1488 = 262, i = -5*d + 3041. What is the highest common divisor of d and 6?
3
Suppose -4*v + 88 = -4*a, -2*a + 4*v = 31 + 5. Let s = a + 40. Calculate the highest common factor of s and 154.
14
Suppose -11*d - 6*d + 183601 + 71212 = 0. Calculate the highest common divisor of d and 13.
13
Let d(t) = -11*t**2 - 698*t - 16. Let r be d(-63). Calculate the greatest common factor of 52 and r.
13
Let o = 70 + -67. Let h be -11 + (4 - (0 - (0 - o))). Let w = 22 - h. What is the greatest common factor of 24 and w?
8
Let w(r) = 2*r - 96. Let c be w(-21). Let d = c - -318. What is the highest common factor of 20 and d?
20
Suppose -77 - 113 = -5*a + 2*h, -4*a = -3*h - 145. What is the highest common divisor of 6940 and a?
20
Let b(y) = y**2 + 22*y + 76. Let m be b(-18). Suppose -i - 2493 = -m*p + 2*p, -5*p + 4*i + 6234 = 0. Calculate the greatest common divisor of 89 and p.
89
Let t(f) = 2*f**3 + 34*f**2 - 5*f - 13. Let i be t(-17). Let k = -78 + i. Let u be 182/21 - 2/k. Calculate the greatest common factor of u and 54.
9
Let x be (-1326)/10 - 4/10. Let c = -3137 + 3277. Let d = x + c. What is the greatest common factor of d and 7?
7
Let l = -13 - -118. Suppose 33*h + l = 36*h. Suppose -3*z + h = 2*i - 2*z, 0 = -2*z + 10. Calculate the greatest common divisor of i and 15.
15
Suppose c - 4*b - 12 = -86, -c = 2*b + 74. Let y = 89 + c. Suppose -10 = -5*d, -2*o + 35 = 4*d + y. What is the greatest common divisor of o and 30?
6
Let o be (-1 - -3 - (-802 - -46)) + -8. What is the highest common divisor of o and 825?
75
Suppose -2*n - 1 = -2*g - 7, -5*g - 3*n - 7 = 0. Let u be 61 + 7 + -6 + g. What is the highest common factor of u and 15?
15
Let d be 2/8*832/(-24)*-3. What is the greatest common factor of 5304 and d?
26
Let v(d) = -d**3 - 18*d**2 - 33*d + 40. Let n be v(-16). Let o(i) = -46*i + 6. Let b be o(-2). Calculate the greatest common factor of b and n.
14
Let p be 20/6*(-12)/(-10). Suppose -15 - 89 = -p*h. Let t be (-21267)/(-561) + (-24)/(-22). Calculate the highest common divisor of t and h.
13
Let g(r) = r**3 + 7*r**2 + 8. Let h be g(-7). Suppose -7*j + h = -20. Suppose -j*p + 10*p = 456. What is the greatest common divisor of 19 and p?
19
Let j be (-8 - -1 - 1463/(-231)) + (-128)/(-3). What is the greatest common factor of j and 1792?
14
Suppose 1505*p - 3*u = 1502*p + 6, 3*u - 9 = 0. Let d = -6 + 16. Suppose -p*m = -d - 0. Calculate the highest common divisor of 2 and m.
2
Let r = -1306 - -1455. What is the highest common factor of 1341 and r?
149
Suppose -3*f + 10*f + 6*f = 0. Suppose 917*j - 912*j - 260 = f. Calculate the greatest common factor of 130 and j.
26
Suppose q + q - 8 = 0. Suppose 112 = 5*f + t + 2*t, 0 = -t + q. Let x be 105/f*4 - 4. Calculate the greatest common factor of 187 and x.
17
Let u be (34/10)/((-2)/(-10)). Suppose 5*o = 8*o - 306. Suppose o = -4*x + 6*x. What is the greatest common divisor of x and u?
17
Let q = 42 - 41. Let l be ((0 - -4) + -4)*q. Suppose l = -4*h - 12, 5*b + 5*h - 84 = 81. Calculate the highest common divisor of 4 and b.
4
Let u be (-3 + 4 + -24)*-2. Let y = 1034 + -919. Calculate the highest common factor of y and u.
23
Suppose -12*m + 13*m + 4*o = 997, 0 = 9*m - 4*o - 8813. What is the highest common divisor of 117 and m?
9
Let l = -190 + 349. Suppose 0 = 4*f + 43 - l. What is the greatest common divisor of f and 29?
29
Let z(w) = 17*w - 64. Let q be z(4). Suppose -2*k - 81 - 53 = -q*i, 4*i = -5*k + 127. Suppose 0 = -r - 3*r + 12. What is the highest common divisor of r and i?
3
Let m = 43030 - 43021. Let h = 9 + 153. What is the highest common divisor of h and m?
9
Suppose -4151178 + 653566 = -157*h - 274559. What is the highest common divisor of h and 9?
9
Suppose 88*z - 101 - 595 = 30*z. What is the highest common divisor of z and 8?
4
Let t be 96 - (66/(-7) + 36/(-63)). What is the greatest common divisor of 11342 and t?
106
Let b = -4962 - -5238. Calculate the greatest common factor of b and 204.
12
Let g(r) = -r**3 + 49*r**2 - 140*r + 104. Let u be g(46). Calculate the highest common factor of u and 1890.
6
Let j be 4/(-30) - 1256*14/420. Let c be (60/j - -3) + (-4)/7. What is the greatest common factor of c and 27?
1
Let z = -3 - -11. Let w(y) = y - 2. Let k be w(z). Let t(q) = 112*q + 118. Let g be t(-1). What is the highest common factor of k and g?
6
Suppose -83 = 2*y + 597. Let g = y + 480. Calculate the greatest common divisor of g and 168.
28
Let p be (-13 + -1)*(-2)/4. Let l(r) = 5*r**2 - 3*r - 5. Let t be ((-2)/4)/((-4)/(-24)). Let y be l(t). Calculate the highest common divisor of y and p.
7
Suppose -5577 = -11*f - 1287. What is the highest common factor of f and 6318?
78
Let w(n) = 3*n**2 + 51*n + 177. Let c be w(-3). Suppose 0 = -5*l + 154 + 186. Calculate the highest common divisor of l and c.
17
Let h be 40/(-20) - 22*2. Let q = 54 + h. Let y(b) = -b**2 + 10*b - 3. Let r be y(q). Calculate the highest common factor of r and 169.
13
Suppose s + 5*t + 23 = -s, 5*t + 25 = 0. Let p be s*(-730)/(-4)*120/(-25). Let r be (p/(-9) + -4)*(-18)/(-8). What is the greatest common factor of r and 30?
30
Let f be (-2)/(-10) + 132/495*138. Calculate the greatest common divisor of 2368 and f.
37
Let k(z) = 20*z + 7. Let v be k(2). Let m = -25 - v. Let n = -54 - m. What is the highest common divisor of n and 18?
18
Let z = 244 + 124. Suppose -357*r = -z*r + 4389. What is the highest common factor of r and 171?
57
Let o be 6/4*8/6. Suppose -s + 15 = o*m - 13, -2*s - 2*m = -52. Calculate the greatest common factor of 28 and s.
4
Suppose -11*z = 7 + 26. Let v(l) = -2*l**3 - 4*l**2 + 8*l + 30. Let s be v(z). Calculate the highest common divisor of 288 and s.
24
Let z(j) = j**3 - 4*j**2 + 4*j - 6. Let f be z(4). Suppose 190*n - 1552 = -602. What is the greatest common factor of n and f?
5
Let x(k) = -2*k**2 - 9*k - 3. Let g = 1 + -6. Let r be x(g). Let y = 10 + r. What is the highest common divisor of 5 and y?
1
Suppose 4*i = -u + 407, -3*u + 245 = -i - 1041. Let l = u + -160. Let j = l - 59. Calculate the greatest common divisor of j and 26.
26
Suppose 84235 = 233*p - 869133 - 478184. What is the highest common divisor of p and 24?
24
Suppose 0 